{"id":1447,"date":"2021-01-29T08:19:21","date_gmt":"2021-01-29T07:19:21","guid":{"rendered":"https:\/\/www.stb-wiegandt.de\/forms\/?page_id=1447"},"modified":"2023-01-17T22:44:20","modified_gmt":"2023-01-17T21:44:20","slug":"allgemeines-vollmachten","status":"publish","type":"page","link":"https:\/\/www.stb-wiegandt.de\/forms\/allgemeines\/allgemeines-vollmachten\/","title":{"rendered":"Vollmachten"},"content":{"rendered":"<p style=\"text-align: center;\"><a class=\"button_form\" style=\"font-size: 2rem;\" href=\"https:\/\/www.stb-wiegandt.de\/forms\/allgemeines\/allgemeines-vollmachten\/allgemeines-vollmachten-form\/\">zum Formular<\/a><\/p>\n<hr style=\"border: 0; height: 5px; background: #00b0f0; background-image: linear-gradient(to right, #ccc, #00b0f0, #ccc); border-radius: 100px;\" \/>\n<p>&nbsp;<\/p>\n<p>\u00dcber dieses Formular k\u00f6nnen Sie uns, unabh\u00e4ngig von den Stammdaten-Erfassungsb\u00f6gen, die von Ihnen unterschriebenen Vollmacht zu schicken!<\/p>\n<p>&nbsp;<\/p>\n<h3><span style=\"color: #00b0f0;\">Bitte f\u00fcllen Sie immer beide Vollmachten!<\/span><\/h3>\n<p>Folgende Vollmachten (hier verlinkt!) werden ben\u00f6tigt:<\/p>\n<p><img decoding=\"async\" src=\"https:\/\/www.stb-wiegandt.de\/forms\/wp-content\/uploads\/2022\/07\/Bild3.png\" \/>\u00a0 \u00a0<a href=\"https:\/\/eu1.documents.adobe.com\/public\/esignWidget?wid=CBFCIBAA3AAABLblqZhCRdxnSXlya46-6bWMaHx5vSPsp6bQQzaTu7ISc0IquOb9wUA2yeyTSQJh5numgcv8*\" target=\"_blank\" rel=\"noopener\">Kanzleivollmacht<\/a><\/p>\n<p><img decoding=\"async\" src=\"https:\/\/www.stb-wiegandt.de\/forms\/wp-content\/uploads\/2022\/07\/Bild3.png\" \/>\u00a0 \u00a0<a href=\"https:\/\/www.stb-wiegandt.de\/forms\/wp-content\/uploads\/2022\/06\/Vollmacht-VaSt_072022.pdf\" target=\"_blank\" rel=\"noopener\">Vollmacht f\u00fcr die Finanzverwaltung<\/a>\u00a0<strong>&#8211; bei Ehegatten: zwingend von jedem Ehegatte!<\/strong><\/p>\n","protected":false},"excerpt":{"rendered":"<p>zum Formular &nbsp; \u00dcber dieses Formular k\u00f6nnen Sie uns, unabh\u00e4ngig von den Stammdaten-Erfassungsb\u00f6gen, die von Ihnen unterschriebenen Vollmacht zu schicken! &nbsp; Bitte f\u00fcllen Sie immer beide Vollmachten! Folgende Vollmachten (hier &#8230;<\/p>\n","protected":false},"author":2,"featured_media":0,"parent":1444,"menu_order":0,"comment_status":"closed","ping_status":"closed","template":"","meta":{"footnotes":""},"class_list":["post-1447","page","type-page","status-publish","hentry"],"_links":{"self":[{"href":"https:\/\/www.stb-wiegandt.de\/forms\/wp-json\/wp\/v2\/pages\/1447","targetHints":{"allow":["GET"]}}],"collection":[{"href":"https:\/\/www.stb-wiegandt.de\/forms\/wp-json\/wp\/v2\/pages"}],"about":[{"href":"https:\/\/www.stb-wiegandt.de\/forms\/wp-json\/wp\/v2\/types\/page"}],"author":[{"embeddable":true,"href":"https:\/\/www.stb-wiegandt.de\/forms\/wp-json\/wp\/v2\/users\/2"}],"replies":[{"embeddable":true,"href":"https:\/\/www.stb-wiegandt.de\/forms\/wp-json\/wp\/v2\/comments?post=1447"}],"version-history":[{"count":44,"href":"https:\/\/www.stb-wiegandt.de\/forms\/wp-json\/wp\/v2\/pages\/1447\/revisions"}],"predecessor-version":[{"id":5328,"href":"https:\/\/www.stb-wiegandt.de\/forms\/wp-json\/wp\/v2\/pages\/1447\/revisions\/5328"}],"up":[{"embeddable":true,"href":"https:\/\/www.stb-wiegandt.de\/forms\/wp-json\/wp\/v2\/pages\/1444"}],"wp:attachment":[{"href":"https:\/\/www.stb-wiegandt.de\/forms\/wp-json\/wp\/v2\/media?parent=1447"}],"curies":[{"name":"wp","href":"https:\/\/api.w.org\/{rel}","templated":true}]}}