{"id":194,"date":"2021-01-23T10:27:39","date_gmt":"2021-01-23T09:27:39","guid":{"rendered":"https:\/\/www.stb-wiegandt.de\/forms\/?page_id=194"},"modified":"2022-06-29T14:22:21","modified_gmt":"2022-06-29T12:22:21","slug":"pfb-sofortmeldung","status":"publish","type":"page","link":"https:\/\/www.stb-wiegandt.de\/forms\/pfb\/pfb-sofortmeldung\/","title":{"rendered":"Sofortmeldung"},"content":{"rendered":"<p style=\"text-align: center;\"><a class=\"button_form\" style=\"font-size: 2rem;\" href=\"https:\/\/www.stb-wiegandt.de\/forms\/pfb\/pfb-sofortmeldung\/pfb-sofortmeldung-form\/\">zum Formular<\/a><\/p>\n<hr style=\"border: 0; height: 5px; background: #0098C7; background-image: linear-gradient(to right, #ccc, #0098C7, #ccc); border-radius: 100px;\" \/>\n<p>&nbsp;<\/p>\n<h3><span style=\"color: #ffff00;\"><span style=\"color: #00b0f0;\">Bearbeitungshinweise<\/span><strong><br \/>\n<\/strong><\/span><\/h3>\n<p><span style=\"color: #ff0000;\"><strong><span style=\"color: #0098c7;\">\u00bb<\/span>\u00a0 \u00a0<\/strong><\/span>Bearbeitungszeit: ca. 10 bis 15 Minuten<br \/>\n<span style=\"color: #0098c7;\"><strong>\u00bb<\/strong><\/span>\u00a0 \u00a0F\u00fcr das Ausf\u00fcllen ben\u00f6tigen Sie vor allem folgende Informationen \/ Unterlagen:<\/p>\n<ul>\n<li><span style=\"font-family: var(--list--font-family); background-color: var(--global--color-background); color: var(--global--color-primary); font-size: var(--global--font-size-base);\">Sozialversicherungsausweis<\/span><\/li>\n<li>Informationen zu dem neuen Arbeitsverh\u00e4ltnis (z. B. Arbeitsvertrag)<\/li>\n<\/ul>\n<p><span style=\"color: #0098c7;\"><strong>\u00bb<\/strong><\/span>\u00a0 \u00a0F\u00fcr <span style=\"color: #ff0000;\">Fragen <\/span>zum Personalfragebogen k\u00f6nnen Sie sich gerne per <span style=\"color: #ff0000;\"><a style=\"color: #ff0000;\" href=\"mailto:Lohn@stb-linde.de?subject=Fragen zum Personalfragebogen \u201eSofortmeldung\u201c&amp;body=Liebes Lohnteam,%0D%0A%0D%0Aich habe folgende Frage \/ Fragen zu dem genannten Fragebogen:%0D%0A%0D%0A\" target=\"_blank\" rel=\"noopener\">Mail an unser Lohn-Team<\/a><\/span> wenden!\u00a0 \u00a0 <a href=\"mailto:Lohn@stb-linde.de?subject=Fragen zum Personalfragebogen \u201eSofortmeldung\u201c&amp;body=Liebes Lohnteam,%0D%0A%0D%0Aich habe folgende Frage \/ Fragen zu dem genannten Fragebogen:%0D%0A%0D%0A\" target=\"_blank\" rel=\"noopener\"><img loading=\"lazy\" decoding=\"async\" class=\"alignnone\" title=\"E-Mail an unser Lohn-Team\" src=\"https:\/\/www.stb-wiegandt.de\/forms\/wp-content\/uploads\/2021\/11\/E-Mail.png\" alt=\"\" width=\"50\" height=\"50\" \/><\/a><\/p>\n","protected":false},"excerpt":{"rendered":"<p>zum Formular &nbsp; Bearbeitungshinweise \u00bb\u00a0 \u00a0Bearbeitungszeit: ca. 10 bis 15 Minuten \u00bb\u00a0 \u00a0F\u00fcr das Ausf\u00fcllen ben\u00f6tigen Sie vor allem folgende Informationen \/ Unterlagen: Sozialversicherungsausweis Informationen zu dem neuen Arbeitsverh\u00e4ltnis (z. &#8230;<\/p>\n","protected":false},"author":2,"featured_media":0,"parent":59,"menu_order":0,"comment_status":"closed","ping_status":"closed","template":"","meta":{"footnotes":""},"class_list":["post-194","page","type-page","status-publish","hentry"],"_links":{"self":[{"href":"https:\/\/www.stb-wiegandt.de\/forms\/wp-json\/wp\/v2\/pages\/194","targetHints":{"allow":["GET"]}}],"collection":[{"href":"https:\/\/www.stb-wiegandt.de\/forms\/wp-json\/wp\/v2\/pages"}],"about":[{"href":"https:\/\/www.stb-wiegandt.de\/forms\/wp-json\/wp\/v2\/types\/page"}],"author":[{"embeddable":true,"href":"https:\/\/www.stb-wiegandt.de\/forms\/wp-json\/wp\/v2\/users\/2"}],"replies":[{"embeddable":true,"href":"https:\/\/www.stb-wiegandt.de\/forms\/wp-json\/wp\/v2\/comments?post=194"}],"version-history":[{"count":26,"href":"https:\/\/www.stb-wiegandt.de\/forms\/wp-json\/wp\/v2\/pages\/194\/revisions"}],"predecessor-version":[{"id":4755,"href":"https:\/\/www.stb-wiegandt.de\/forms\/wp-json\/wp\/v2\/pages\/194\/revisions\/4755"}],"up":[{"embeddable":true,"href":"https:\/\/www.stb-wiegandt.de\/forms\/wp-json\/wp\/v2\/pages\/59"}],"wp:attachment":[{"href":"https:\/\/www.stb-wiegandt.de\/forms\/wp-json\/wp\/v2\/media?parent=194"}],"curies":[{"name":"wp","href":"https:\/\/api.w.org\/{rel}","templated":true}]}}