{"id":511,"date":"2021-01-23T22:58:33","date_gmt":"2021-01-23T21:58:33","guid":{"rendered":"https:\/\/www.stb-wiegandt.de\/forms\/?page_id=511"},"modified":"2022-07-04T23:44:01","modified_gmt":"2022-07-04T21:44:01","slug":"zufrieden","status":"publish","type":"page","link":"https:\/\/www.stb-wiegandt.de\/forms\/zufrieden\/","title":{"rendered":"Zufriedenheitsumfrage"},"content":{"rendered":"<p style=\"text-align: center;\"><a class=\"button_form\" style=\"font-size: 2rem;\" href=\"https:\/\/www.stb-wiegandt.de\/forms\/zufrieden-form\/\">zum Formular<\/a><\/p>\n<hr style=\"border: 0; height: 5px; background: #0098C7; background-image: linear-gradient(to right, #ccc, #0098C7, #ccc); border-radius: 100px;\" \/>\n<p>&nbsp;<\/p>\n<p style=\"text-align: center;\">Wir m\u00f6chten Sie als Mandant bestm\u00f6glich betreuen, daher sind wir bereit, unsere Leistungen st\u00e4ndig weiter zu entwickeln und somit immer besser zu werden.<\/p>\n<p style=\"text-align: center;\"><strong>Hierf\u00fcr brauchen wir Ihre Hilfe!<\/strong><\/p>\n<p style=\"text-align: center;\">Mit dieser Zufriedenheitsumfrage bitten wir Sie uns Ihre ehrliche Meinung mitzuteilen, damit wir unsere Leistungen dementsprechend anpassen k\u00f6nnen.<\/p>\n","protected":false},"excerpt":{"rendered":"<p>zum Formular &nbsp; Wir m\u00f6chten Sie als Mandant bestm\u00f6glich betreuen, daher sind wir bereit, unsere Leistungen st\u00e4ndig weiter zu entwickeln und somit immer besser zu werden. Hierf\u00fcr brauchen wir Ihre &#8230;<\/p>\n","protected":false},"author":2,"featured_media":0,"parent":0,"menu_order":0,"comment_status":"closed","ping_status":"closed","template":"","meta":{"footnotes":""},"class_list":["post-511","page","type-page","status-publish","hentry"],"_links":{"self":[{"href":"https:\/\/www.stb-wiegandt.de\/forms\/wp-json\/wp\/v2\/pages\/511","targetHints":{"allow":["GET"]}}],"collection":[{"href":"https:\/\/www.stb-wiegandt.de\/forms\/wp-json\/wp\/v2\/pages"}],"about":[{"href":"https:\/\/www.stb-wiegandt.de\/forms\/wp-json\/wp\/v2\/types\/page"}],"author":[{"embeddable":true,"href":"https:\/\/www.stb-wiegandt.de\/forms\/wp-json\/wp\/v2\/users\/2"}],"replies":[{"embeddable":true,"href":"https:\/\/www.stb-wiegandt.de\/forms\/wp-json\/wp\/v2\/comments?post=511"}],"version-history":[{"count":17,"href":"https:\/\/www.stb-wiegandt.de\/forms\/wp-json\/wp\/v2\/pages\/511\/revisions"}],"predecessor-version":[{"id":4784,"href":"https:\/\/www.stb-wiegandt.de\/forms\/wp-json\/wp\/v2\/pages\/511\/revisions\/4784"}],"wp:attachment":[{"href":"https:\/\/www.stb-wiegandt.de\/forms\/wp-json\/wp\/v2\/media?parent=511"}],"curies":[{"name":"wp","href":"https:\/\/api.w.org\/{rel}","templated":true}]}}